e 11, what is 1 - -8138?
8139
In base 13, what is -31 - 493?
-4c4
In base 10, what is -1386343 - 0?
-1386343
In base 10, what is 567592 - -5?
567597
In base 7, what is 0 - -112346?
112346
In base 13, what is 0 - 271c?
-271c
In base 9, what is 15 + -360?
-344
In base 6, what is 142451311 + -5?
142451302
In base 5, what is 434 - 4444?
-4010
In base 10, what is 7 - -5168?
5175
In base 6, what is -25013245 + 0?
-25013245
In base 10, what is -5 + 812635?
812630
In base 16, what is -a + -b390?
-b39a
In base 6, what is 305 + -23541?
-23232
In base 15, what is 5 - -2c5e?
2c64
In base 12, what is -4 - 12752?
-12756
In base 9, what is 365 - -8282?
8657
In base 8, what is -160 + -135?
-315
In base 9, what is -2 - 1010302?
-1010304
In base 12, what is 106 - 58?
6a
In base 11, what is 2a + -32917?
-32898
In base 16, what is -1 + 3a77?
3a76
In base 12, what is 11 + 2682?
2693
In base 7, what is 60363 - 2?
60361
In base 15, what is -ab0 - -2e?
-a81
In base 4, what is 1 + 1320211?
1320212
In base 8, what is 7 + -1417?
-1410
In base 14, what is -6a5 + -144?
-809
In base 11, what is -a9681a + 2?
-a96818
In base 4, what is -2 - 1200232?
-1200300
In base 5, what is -22 + 24434?
24412
In base 16, what is e - 27bc?
-27ae
In base 15, what is -213d - 20?
-215d
In base 5, what is 4 - 111243?
-111234
In base 11, what is 470 + 100a?
147a
In base 7, what is -601216 - 1?
-601220
In base 15, what is dd7 - 3e?
d98
In base 5, what is 110 - -231123?
231233
In base 6, what is -435 + -5144?
-10023
In base 11, what is -14563 + -4a?
-14602
In base 11, what is -50a + -63?
-572
In base 15, what is 49413 + -3?
49410
In base 4, what is 31211320112 + 11?
31211320123
In base 4, what is -32 + 1310121?
1310023
In base 12, what is -5 + -20712a?
-207133
In base 4, what is -221110322 + 2?
-221110320
In base 13, what is 54 + 4b9?
540
In base 14, what is b - -56c?
579
In base 12, what is -71472 + -4?
-71476
In base 10, what is -35 - -9455?
9420
In base 13, what is 4c - -289?
308
In base 6, what is 25 - 5100?
-5031
In base 6, what is 115 + 20010?
20125
In base 15, what is 2ad - 14?
299
In base 9, what is -6 + 26472?
26465
In base 8, what is 210073 + -3?
210070
In base 11, what is 43 + 705?
748
In base 2, what is -11 + -100110011110011010?
-100110011110011101
In base 16, what is 9 + -bde?
-bd5
In base 5, what is 13 + 1234230?
1234243
In base 6, what is 12102 + 43?
12145
In base 10, what is 3 - -14212?
14215
In base 2, what is 1001111 - 1110011001000011?
-1110010111110100
In base 9, what is -12 + -63350?
-63362
In base 15, what is -777 + 296?
-4d1
In base 7, what is -124002 + 1?
-124001
In base 4, what is -1122 - -2?
-1120
In base 15, what is 6e2d - 7?
6e26
In base 15, what is 0 + 30162?
30162
In base 16, what is 3108 - 5?
3103
In base 7, what is -20363653 - 1?
-20363654
In base 2, what is 1101 - 10110110111?
-10110101010
In base 5, what is 1420 - -10204?
12124
In base 16, what is 51 + 108c?
10dd
In base 13, what is 3 + 4013?
4016
In base 13, what is -1b6880 - 5?
-1b6885
In base 7, what is 2 + -126066?
-126064
In base 12, what is 4 + 16bb92?
16bb96
In base 7, what is -2 + -636614?
-636616
In base 8, what is -32 + -110101?
-110133
In base 6, what is 14 - -154113?
154131
In base 13, what is 2 - -9cbb?
9cc0
In base 9, what is -3857 + -484?
-4452
In base 12, what is 570a - -1?
570b
In base 12, what is -6a4 - -9a?
-606
In base 8, what is 255 - 1404?
-1127
In base 14, what is 4d + -5cc?
-57d
In base 2, what is 111000111000111111 - -101?
111000111001000100
In base 5, what is -1223 + -1024?
-2302
In base 10, what is 1771 + 248?
2019
In base 2, what is 101101111001101 - 1?
101101111001100
In base 11, what is -3 - 3636?
-3639
In base 7, what is 3 - 2152203?
-2152200
In base 3, what is 1 + 1222002212?
1222002220
In base 4, what is -22 + -11320?
-12002
In base 9, what is 5862 + 648?
6621
In base 15, what is -39a - 8e?
-439
In base 2, what is -1110010001110 + 0?
-1110010001110
In base 13, what is -6 + -799b3?
-799b9
In base 15, what is 19448b + 4?
194490
In base 2, what is 11101000000 + 1010010?
11110010010
In base 6, what is 2344422 + -2?
2344420
In base 16, what is -b + 200dc?
200d1
In base 8, what is 6 - 335760?
-335752
In base 9, what is -20 + -17501?
-17521
In base 15, what is -1 - -860d?
860c
In base 12, what is -3 - 22162?
-22165
In base 3, what is -11000200 - 10112?
-11011012
In base 3, what is -2221210021 + -101?
-2221210122
In base 12, what is 53a - 30?
50a
In base 16, what is 2060 + -8a?
1fd6
In base 13, what is b180 - 3?
b17a
In base 7, what is -5 - 4321143?
-4321151
In base 15, what is -5a99 - 5?
-5a9e
In base 5, what is 123123130 + -2?
123123123
In base 10, what is 46 - 544?
-498
In base 8, what is 7154 + -4?
7150
In base 13, what is -1533 - 202?
-1735
In base 2, what is -1011001101 + 1001?
-1011000100
In base 13, what is -158c + -41?
-1600
In base 10, what is 1303 - 31?
1272
In base 4, what is -2 + 233101023?
233101021
In base 10, what is 58 + -11776?
-11718
In base 9, what is 455 - 83?
362
In base 10, what is -217 - -40?
-177
In base 11, what is 1 + a4738?
a4739
In base 14, what is -2 - -ac?
aa
In base 13, what is -7c - -23?
-59
In base 13, what is -2a - 2c4b?
-2c78
In base 10, what is -3 + -124657?
-124660
In base 10, what is -4105 + -62?
-4167
In base 16, what is 5 - 1e5a?
-1e55
In base 2, what is -100000 + 100010001010101?
100010000110101
In base 12, what is 14674 + -3?
14671
In base 11, what is 74514 + 4?
74518
In base 16, what is -750 - -3?
-74d
In base 16, what is 5 - 4676?
-4671
In base 2, what is -11100111011 - 1000111101?
-100101111000
In base 14, what is -1495 + 12?
-1483
In base 5, what is 204420 - 24?
204341
In base 10, what is -5 + 24088?
24083
In base 13, what is -88b8 + -7?
-88c2
In base 16, what is 2b2 - -1897?
1b49
In base 16, what is 6174 + 5?
6179
In base 12, what is 4 + -2227b?
-22277
In base 16, what is 740 + 10?
750
In base 10, what is 962 + 344?
1306
In base 2, what is -111101110111 - -101?
-111101110010
In base 15, what is 1102 + 14?
1116
In base 4, what is -1011220011 - 10?
-1011220021
In base 4, what is -20100120 + 3?
-20100111
In base 2, what is 10101001 + -10000111?
100010
In base 14, what is -a98 + 6?
-a92
In base 11, what is 13 - -a90?
aa3
In base 14, what is 3881 - -1?
3882
In base 6, what is -1 - 320343?
-320344
In base 13, what is -1acb - 1?
-1acc
In base 15, what is -4a24 + -4?
-4a28
In base 8, what is -6 - 2315441?
-2315447
In base 8, what is -61747 - -5?
-61742
In base 2, what is 110001100000 - -1001?
110001101001
In base 15, what is -17b9 + 344?
-1475
In base 8, what is -44 - -167403?
167337
In base 14, what is 4 + 11a1?
11a5
In base 5, what is 21121 - 4330?
11241
In base 6, what is 134504345 + -5?
134504340
In base 10, what is 1041 - 5?
1036
In base 9, what is -285043 - -5?
-285037
In base 3, what is 2002212021 - 0?
2002212021
In base 11, what is 3 - 1883?
-1880
In base 3, what is 221101101 - -1120?
221102221
In base 11, what is 12a07 - 7?
12a00
In base 12, what is -a61 + 4?
-a59
In base 9, what is -16 - -20557?
20541
In base 7, what is -114231 + 21?
-114210
In base 9, what is 354 - 65?
278
In base 16, what is -4a7 + 1c?
-48b
In base 16, what is 4 - 36b8?
-36b4
In base 6, what is -2341 + -115?
-2500
In base 16, what is 5d + -666?
-609
In base 16, what is -666 + aa?
-5bc
In base 11, what is -20 + 4314?
42a4
In base 8, what is 0 + 3265?
3265
In base 3, what is 1100 - 20020102?
-20012002
In base 10, what is 375900 + -2?
375898
In base 14, what is 248 - -2b?
275
In base 6, what is 5 + 2441233?
2441242
In base 7, what is 4530340 + 2?
4530342
In base 2, what is 1001000001111110 + 101?
1001000010000011
In base 4, what is -223 - 103111?
-110000
In base 2, what is -1100111 - 1110101111?
-10000010110
In base 5, what is 24 - 1223342?
-1223313
In base 10, what is 1552367 + 1?
1552368
In base 14, what is 108773 - -4?
108777
In base 10, what is -31 + 107?
76
In base 4, what is 3 + -110331012?
-110331003
In base 11, what is -19 - 2199?
-2207
In base 12, what is -1b + -31258?
-31277
In base 4, what is 21020221 - -1?
21020222
In base 4, what is -100213101333 - 0?
-100213101333
In base 9, what is 186 - -322?
518
In base 10, what is -23 - 1274?
-1297
In base 2, what is -1 + 1010110101101?
1010110101100
In base 14, what is 1 + -8a11?
-8a10
In base 3, what is 220011 + 21